(h) = 96*h**2 - 20*h - 28. Let s(a) = -35*a**2 + 7*a + 9. Let d(u) = 11*s(u) + 4*x(u). Give d(7).
-83
Let a(d) = d**2 + 24242*d**3 + 1 + d**2 + 1 - 24239*d**3 - 3. Suppose -2*c - c + 9 = 0. Suppose -5*i + c*x - 1 = 0, 5*x + 20 = -5*i - 5. Calculate a(i).
-17
Let y(k) = k - 3. Suppose 9*r - 4*r = 175. Let b = r - 35. Suppose 2*z = -2*c + 5 + 7, b = 5*c + z - 30. Give y(c).
3
Let u(l) = -l**3 - l**2 + 37*l + 93. Let d be u(-3). Let y(b) = b**3 + b**2 + b + 56. What is y(d)?
56
Suppose 0*n + 5 = n. Let u(v) = v**2 - 5*v + 3. Let t be u(n). Suppose -c = -2*c + t*y + 8, 2*c = 4*y + 10. Let z(h) = 9*h. Calculate z(c).
-9
Let i(h) = -76*h - 2*h**2 + 279*h - 83*h - 76*h + 45. Determine i(-1).
-1
Let y(f) = -f**3 + 5*f**2 - f - 8. Let d(x) = 2*x + 28. Let i be ((-4)/6 - (-35)/21)*-12. Let q be d(i). Determine y(q).
4
Suppose 0 = 3*g - l - 6, 0 = 2*g + 4*l - 9*l - 17. Suppose 6*c - 5*c - 2 = 0. Let h(r) = -2*r**2 - 3*r**2 - 8*r**c - 4*r**2 - r + 1. Determine h(g).
-17
Let a(v) = 3*v - 90. Let t(h) = h + 21. Let g(l) = a(l) + 4*t(l). Give g(4).
22
Suppose -4*i + 20 = 0, 0 = 2*m + 3*i - 21 + 2. Suppose -m*k = 7 - 61. Let b(f) = -4*f - k + 51 - 32. What is b(-7)?
20
Let d(a) be the first derivative of a**4/4 + 2*a**3/3 - 15*a**2/2 + 4*a + 16073. Determine d(-6).
-50
Let g be (47/141)/(28/30 - 1). Let w(k) be the third derivative of -1/12*k**5 + 0*k - 1/120*k**6 - 24*k**2 + 0*k**3 + 0 + 0*k**4. Give w(g).
0
Suppose -w + 0*w = -3*l + 14, 0 = -l - 4*w - 17. Suppose 7*o = l*o + 12. Suppose 7 = 2*g + o*j - 7, -3*g + 20 = 4*j. Let y(p) = p**2 - 6*p + 3. Give y(g).
-5
Let o(g) = -429 + 13*g + 689 - 256 - g**2. Give o(13).
4
Let g(a) = -9*a + 1. Suppose -20*u + 437 = -u. Suppose 0 = -u*w - 7*w + 150. What is g(w)?
-44
Let z(r) = -159*r + 368 + 313*r + 203 + 352. Give z(-6).
-1
Suppose 42*a + 0*a - 80 = 2*a. Let p(b) = 5*b**3 + b - 2. Determine p(a).
40
Let o(r) = -3*r**3 + 4*r**2 + 8*r - 7. Let l(p) = -p**3 - p**2 - p - 2. Let k(g) = -2*l(g) + o(g). Let s be k(7). Let d(y) = -y + 24. Calculate d(s).
6
Let f(m) = 6*m + 3. Let c be (50/(-30))/((-15)/27). Suppose 21*r + c = 20*r. What is f(r)?
-15
Suppose 20*b + 25 = -215. Let l(u) = u + 7. Determine l(b).
-5
Let k = -1045 + 1044. Let f(p) = p**2 + p - 1. Let a(v) = -13*v**2 - 5*v + 6. Let d(w) = a(w) + 6*f(w). Determine d(k).
-8
Let t(f) = -3*f + 51. Let x be t(13). Let w(v) = 32*v**2 + 28*v**2 - 10 - 90*v**2 + x*v + 29*v**2. Give w(9).
17
Let t = 18 - -24. Let h = t + -19. Let z = h - 17. Let b(y) = -y**3 + 5*y**2 + 7*y - 8. Determine b(z).
-2
Let c(i) = i**2 + 9*i - 7. Let n(s) = -2*s**3 + 18*s**2 + 179*s + 10. Let r be n(15). Determine c(r).
-27
Let j = -315 - 258. Let c = 565 + j. Let t(u) = -u**3 - 7*u**2 + 8*u + 7. Determine t(c).
7
Let i(d) = d**2 + 32*d + 222. Suppose 34*a + 998 = 250. Let j be i(a). Let q(z) = -3*z**2 + 2*z. What is q(j)?
-8
Suppose -4*g + 141 = 209. Let t(a) = 3*a - 18 + 4*a - 2*a - 6*a. Give t(g).
-1
Let u be (-15)/(-135) - 2*(-1)/(-18). Suppose 10*z = 5*z + 5. Let v(j) = j**3 + 16*j**2 - j - 17*j**2 - z + 6. Give v(u).
5
Let u(d) = -16993 + 33990 - 2*d - 16993. Determine u(6).
-8
Let w be (-21)/(168/88)*(-30)/33. Let g(q) = q**2 - 14*q + 10. Give g(w).
-30
Let a(x) = -11*x + 41. Let i = -4249 + 4253. Determine a(i).
-3
Let c be 3 + (-1)/1 + (-3)/(-3). Let x(m) = 2*m**2 - m**c - 7 - m**3 + m**3 + 17 - 11. Suppose 0 = 2*i - 8, 2*o + i - 14 = -3*o. Give x(o).
-1
Let l(a) = 69*a - 637. Let y(o) = -70*o + 509. Let i(q) = -4*l(q) - 5*y(q). Give i(-2).
-145
Let u be (-5)/(-50) - 2/20. Let q(f) = 64*f - 3*f**2 - 6 + f**3 + u - 58*f. Give q(4).
34
Let p(t) be the first derivative of -t**4/4 + t**3/3 + t**2 - 2*t + 118. Suppose -2*r + 1 = 9. Let w be r/(-22) + 20/11. What is p(w)?
-2
Let f(y) = -3*y + 56. Let o(s) = 2*s - 36. Let b(g) = 5*f(g) + 8*o(g). Suppose 0 = -3*n + 9 + 6. Determine b(n).
-3
Let k be (-5)/(35/49) + 12. Let l(h) = 4*h - k - 2*h**3 - 7 - 3 - 5*h**2 + 3*h**3 + 19. Suppose -3*c = -0 - 12. Give l(c).
4
Let m(h) = -38044*h**2 + 12*h + 3*h**3 + 38033*h**2 - 2*h**3 - 12 - 2*h**3. Let t(f) = f**3 + 2*f**2 - 3. Let x be t(-3). Calculate m(x).
-12
Let j(x) be the third derivative of x**5/120 + x**4/4 - 43*x**3/6 + 24*x**2. Let z(c) be the first derivative of j(c). Give z(0).
6
Let u(z) be the second derivative of -5*z**3/6 - 8*z**2 - 70*z - 3. What is u(-3)?
-1
Let n(p) = -3*p + 5. Let f(q) = -7*q + 9. Let g(s) = 2*f(s) - 5*n(s). Let m be 50/(-20)*(-112)/(-20). Let j be 8/(-2)*m/8 + 1. Give g(j).
1
Suppose -8*t - 8 - 12 = -18*t. Let l(s) = 7*s - 12. Give l(t).
2
Let o(n) = 2*n**2 + n. Let x(p) = -2*p + 16. Let m(c) = -11 + 51*c**2 - 50*c**2 + 3*c - 2*c. Let y be m(4). Let r be x(y). Determine o(r).
6
Let m(o) = -2*o**3 - 11 + 3*o - 10*o**2 + 7*o + 3*o**3. Let p = -17462 + 17471. Calculate m(p).
-2
Let o = -55 - -85. Suppose 3*x - 26 + 4 = 2*d, 0 = -4*x + 2*d + o. Let y be x - 0/((-8)/(-2)). Let r(u) = u - 3. Calculate r(y).
5
Let c(m) be the first derivative of -m**4/4 + 2*m**3 + 6*m**2 - 38*m + 861. Give c(7).
-3
Suppose 4*s - q + 6*q = 65, -s + 3*q + 12 = 0. Let j be s/25 - (-4)/(-30)*42. Let o(i) = -3*i - i**2 + 1 + 1 + 3. Determine o(j).
-5
Let t(g) = g**2 + 6*g - 4. Let a(l) = -31*l - 39. Let p be a(-9). Let z(s) = s + 0*s + 206 - p. Let v be z(28). Give t(v).
-4
Let k be -201*(-2 - 35/(-15)). Let q = k - -72. Let p(b) = -b**3 + 6*b**2 - 6*b - 5. Determine p(q).
-10
Suppose 20 = -2*a + 3*t, -4*a - 207*t = -202*t + 40. Let p(r) = r**2 + 23*r + 130. Determine p(a).
0
Let n be (1028/(-64) - 3) + (-20)/(-320). Let k(j) = j**3 + 19*j**2 - 3*j - 54. Determine k(n).
3
Let q(f) = 3*f. Let x be 21/(-6) - (-36)/(-72). Calculate q(x).
-12
Let u(x) = -x**2 - 74*x + 330. Let c be u(4). Let l(a) = a**3 - 19*a**2 + 14*a + 13. Give l(c).
-59
Suppose 0 = y - 10 + 4. Let c(b) = 3*b**3 - 3*b**2 + b + 17. Let q(i) = -16*i**3 + 13*i**2 - 3*i - 90. Let w(x) = 11*c(x) + 2*q(x). Calculate w(y).
1
Let c(k) = -k**3 - 2*k + 1. Suppose 210*g + 26 = -l + 215*g, 2*g = 7*l - 16. Calculate c(l).
-71
Let v(n) = -2*n**2 - 2*n - 3. Let h(f) = f**2 + 23*f + 106. Let t be h(-8). Let b be (-7)/(t - -7) - 2. Give v(b).
-3
Let u(s) = -2*s - 15. Let v = 614 + -608. What is u(v)?
-27
Let z(i) = -7*i + 17. Let d(o) = 611*o - 1831. Let x be d(3). Calculate z(x).
3
Let k(t) be the third derivative of -t**5/20 + t**4/4 + 16*t**3 + 1351*t**2 + 1. What is k(7)?
-9
Let v(q) = -2*q**3 - q**2 - 3*q - 2. Let m(c) = -15*c**2 - 14*c + 11*c**2 - 7*c**2 + 23 + c**3. Let o be m(12). Calculate v(o).
2
Let l(x) = -5*x**2 - 14*x - 86. Let q(c) = 4*c**2 + 13*c + 85. Let d(k) = -6*l(k) - 7*q(k). Let r be d(8). Let b(j) = -3*j - 5. What is b(r)?
16
Let r(i) be the third derivative of 0 - 5/3*i**3 + 0*i + 67*i**2 - 1/12*i**4. What is r(-7)?
4
Suppose 0*l + 4*a = 3*l, -2*l - a = -11. Let f(z) = 381*z - 187*z - 189*z + 0*z**3 - z**3 + 3*z**2 + 3. Calculate f(l).
7
Let p = 29 - 53. Let a = p - 3. Let l = -30 - a. Let x(y) = y**3 + 4*y**2 - 4. Calculate x(l).
5
Let v be 39/(7 - (-1 - -5)). Let j(m) = 6*m - 11*m**2 + 2 + v*m**2 - m**3 - 4*m. What is j(3)?
-1
Let j(n) be the third derivative of -n**6/120 - n**5/4 + n**4/8 - 7*n**3/3 - 5*n**2 + 174*n + 2. What is j(-15)?
-59
Let i(k) = k**2 - 4*k - 5. Suppose -v = -5*v + 8. Suppose -3*g - 2*o + 21 = 0, -20 = -5*g + v*o + 15. What is i(g)?
16
Let r(n) = n**3 - 14*n**2 + 13*n - 9. Let q = -113 - -126. Let j be r(q). Let s(g) = -g**2 - 10*g + 10. What is s(j)?
19
Let k(a) = 4*a**3 + 6*a**2 - 2*a - 9. Let y(f) = 5*f**3 + 8*f**2 - 3*f - 11. Let j be 7 + -5 + -7 + 10. Let z(i) = j*y(i) - 6*k(i). Calculate z(-5).
-11
Let i(o) = -o + 12. Let h(z) = -8*z - 92. Let d be h(-14). Suppose 0 = -3*a - 2*b + d, 3*a + 2*b = 5*a. What is i(a)?
8
Suppose t + 0*r = 2*r + 16, -t = -3*r - 14. Let z(g) = 19 + 34*g - t - 15*g. Give z(1).
18
Suppose 3*a = 2*z - z + 1, -5*z = 3*a - 31. Suppose -29 = 5*w - 6*r + z*r, 2*r - 16 = 3*w. Let v(t) = -3 + 12*t - 7*t - 5*t - 1 - 3*t + 2*t. Give v(w).
2
Let f(d) = -18 - 1102694*d**2 - 2*d - 12*d + 1102693*d**2. What is f(-12)?
6
Suppose -u + 26 = -5*q, -105*u - 23 = -103*u + 5*q. Let r(o) = -4*o**2 - 4*o + 4. Determine r(u).
-4
Let k(q) be the third derivative of q**6/10 - q**5/60 - q**4/24 - q**3/6 - 40015*q**2. Let m(u) = -u**3 - 7*u**2 - 7*u - 7. Let i be m(-6). Calculate k(i).